t is n(-17)?
20
Let n(w) = w**3 - 6*w**2 - 5*w - 12. Calculate n(7).
2
Let b(o) = o**2 - 10*o + 14. Determine b(7).
-7
Let i(f) = -f**2 + 13*f - 60. Determine i(4).
-24
Let d(a) = 32*a - 58. What is d(2)?
6
Let h(r) = -23*r + 253. Determine h(11).
0
Let y(a) = 9*a - 131. Give y(6).
-77
Let a(n) = n**3 + 12*n**2 + 18*n + 80. Give a(-11).
3
Let a(x) = -2*x + 20. Calculate a(8).
4
Let g(d) = 2*d**2 - d + 4. Give g(-3).
25
Let y(k) = 8*k**2 - k - 1. Determine y(2).
29
Let v(w) = w**3 + 9*w**2 + 5*w + 9. What is v(-9)?
-36
Let u(b) = 7*b - 1. Give u(-2).
-15
Let x(i) = -i**2 + 9*i + 62. Give x(-6).
-28
Let z(l) = -l**2 - 17*l - 21. What is z(-15)?
9
Let b(l) = 9*l + 5. Calculate b(-4).
-31
Let v(r) = -r**2 + 19*r - 68. What is v(4)?
-8
Let x(b) = -90*b - 716. Calculate x(-8).
4
Let t(a) = 2*a**3 + 26*a**2 - 3*a - 40. Give t(-13).
-1
Let z(p) = p**2 - 30*p + 62. Calculate z(28).
6
Let g(d) = -2*d - 12. What is g(-8)?
4
Let o(p) = p**2 + 10*p + 13. Calculate o(-9).
4
Let n(j) = -j**3 - 15*j**2 - 34*j. Determine n(-3).
-6
Let y(x) = -x**3 - 13*x**2 - 20*x - 18. Calculate y(-11).
-40
Let x(h) = 2*h + 27. Give x(-17).
-7
Let h(k) = -2*k**2 + 3*k + 22. Give h(0).
22
Let f(p) = -p**2 + 11*p + 7. Calculate f(6).
37
Let k(w) = -w**2 - w + 60. Give k(7).
4
Let u(i) = 6*i - 353. What is u(58)?
-5
Let q(p) = 4*p**2 - 3*p. Calculate q(2).
10
Let c(t) = t**2 - 6*t + 6. Give c(6).
6
Let o(c) = 9*c - 3. Calculate o(1).
6
Let z(u) = u**3 - 8*u**2 - 10*u + 12. Determine z(9).
3
Let c(q) = -q**3 + 17*q**2 - 14*q + 16. What is c(16)?
48
Let t(h) = -h**3 + 4*h**2 + 13*h + 5. Give t(6).
11
Let w(u) = 7*u + 18. Calculate w(-16).
-94
Let h(v) = -4*v - 8. Give h(8).
-40
Let x(r) = -r**2 - 22*r - 61. What is x(-19)?
-4
Let p(u) = -2*u**2 - 18*u - 13. Calculate p(-8).
3
Let z(a) = 8*a + 6. Determine z(-7).
-50
Let f(k) = 13*k - 13. Give f(8).
91
Let q(y) = y**3 - 23*y**2 - 25*y - 12. What is q(24)?
-36
Let w(z) = -21*z**2 - 2*z - 2. Determine w(-1).
-21
Let m(n) = n**2 - n - 10. Calculate m(0).
-10
Let f(c) = c**2 - 42*c + 86. Give f(40).
6
Let p(q) = -q**2 - 14*q + 7. Give p(-14).
7
Let t(g) = g**3 + 8*g**2 + 3*g + 10. What is t(-7)?
38
Let i(l) = -16*l + 2. Determine i(-4).
66
Let y(u) = 2*u**3 + 3*u**2 - 4*u - 11. Give y(-5).
-166
Let x(q) = 2*q**2 + 13*q - 2. Calculate x(-8).
22
Let d(r) = -r**2 + 8*r + 39. Calculate d(-8).
-89
Let q(l) = -11*l + 32. What is q(4)?
-12
Let y(d) = -d + 4. What is y(-8)?
12
Let u(x) = 7*x - 1. What is u(1)?
6
Let l(w) = -3*w**2 - 22*w - 7. What is l(-7)?
0
Let u(r) = r**3 - 8*r**2 - 7*r + 6. What is u(9)?
24
Let h(z) = -z**3 + 5*z**2 + 3*z - 7. Determine h(5).
8
Let x(p) = -2*p**3 + 10*p**2 - p + 8. Give x(7).
-195
Let u(r) = -r**3 - 3*r**2 - 3*r - 1. What is u(-2)?
1
Let s(q) = q**2 - 3*q - 11. Give s(11).
77
Let j(w) = w**2 - 1. Determine j(-6).
35
Let k(p) = -p**3 + 21*p**2 - 21*p + 13. Calculate k(20).
-7
Let d(q) = -11*q - 49. Give d(-9).
50
Let k(l) = -l**3 + 4*l**2 - 6*l + 2. Determine k(2).
-2
Let g(k) = -k**3 + 3*k**2 - 3*k - 2. What is g(3)?
-11
Let u(d) = d**3 - d**2 - d - 4. Give u(0).
-4
Let j(o) = -o**2 - 24*o + 2. Determine j(-24).
2
Let t(f) = 4*f**3 + 2. Calculate t(-2).
-30
Let j(m) = -3*m**3 + m**2 - m + 2. Give j(2).
-20
Let h(n) = -4*n - 42. Give h(-17).
26
Let j(m) = -m**2 + 12*m - 19. Give j(9).
8
Let i(w) = w**3 + w**2 - 4*w - 1. Calculate i(-4).
-33
Let w(m) = -m**3 - 8*m**2 - 5*m + 2. Determine w(-6).
-40
Let a(s) = -s**3 + 29*s**2 - 28*s - 4. Determine a(28).
-4
Let s(i) = i**2 - 16*i + 31. Determine s(3).
-8
Let q(f) = f**2 - 13*f - 3. What is q(9)?
-39
Let t(c) = c**2 + 6*c + 32. Determine t(-9).
59
Let o(d) = d**3 - 6*d**2 + 11*d + 2. Determine o(3).
8
Let o(h) = 13*h**2 - 67*h + 2. Determine o(5).
-8
Let w(p) = 3*p + 22. Determine w(-6).
4
Let t(i) = i - 1. What is t(-4)?
-5
Let p(n) = 2*n + 2. What is p(2)?
6
Let v(o) = -o**3 - 8*o**2 + 3. Calculate v(-7).
-46
Let j(f) = -2*f**2 - 3*f - 6. What is j(-3)?
-15
Let d(a) = a**3 - 19*a**2 + 15*a + 42. Calculate d(18).
-12
Let q(r) = -r**2 + 8*r - 4. Calculate q(8).
-4
Let z(c) = 30*c + 1. Determine z(3).
91
Let z(b) = -60*b + 1. What is z(1)?
-59
Let k(d) = d**3 - 8*d**2 - 13*d + 26. Give k(9).
-10
Let h(q) = 18*q + 219. Determine h(-12).
3
Let o(a) = a**3 - 9*a**2 - 4*a + 29. Calculate o(9).
-7
Let c(b) = 24*b - 1. Give c(-3).
-73
Let u(i) = i**2 - 8*i + 6. Calculate u(7).
-1
Let o(p) = p**3 - 5*p**2 - 11*p + 28. Give o(6).
-2
Let l(h) = 4*h - 14. Determine l(6).
10
Let y(l) = -4*l - 9. Determine y(-5).
11
Let s(h) = h**2 + 2*h - 5. What is s(0)?
-5
Let v(s) = -4*s - 6. Give v(-2).
2
Let m(i) = -i + 27. Give m(15).
12
Let c(n) = -n**3 - 14*n**2 + 18*n + 40. Calculate c(-15).
-5
Let m(l) = 18*l - 6. Give m(-2).
-42
Let x(m) = 3*m**3 + m**2 - m + 1. Determine x(1).
4
Let m(s) = -s - 1. Give m(-7).
6
Let m(k) = 2*k + 10. What is m(-7)?
-4
Let r(l) = -l**3 - 9*l**2 + 24*l + 151. Give r(-10).
11
Let f(h) = -h**3 - 2*h + 47. Give f(0).
47
Let d(b) = 2*b**2 - 33*b + 14. Give d(16).
-2
Let c(h) = -7*h - 12. Determine c(6).
-54
Let g(s) = -s**3 - 19*s**2 + 22*s + 27. Give g(-20).
-13
Let k(r) = r**2 - 13*r + 42. Give k(9).
6
Let y(l) = -l**3 - 6*l**2 + 5*l + 7. Determine y(-7).
21
Let l(y) = -9*y**3 + 1. Calculate l(1).
-8
Let p(q) = -15*q**3 + q - 1. Determine p(1).
-15
Let o(y) = y - 13. Determine o(7).
-6
Let v(z) = z**2 + 9*z + 10. What is v(-7)?
-4
Let j(y) = -2*y**2 - 4*y + 4. Calculate j(0).
4
Let z(d) = -d**2 + 3*d + 3. Determine z(6).
-15
Let d(c) = -c**3 - 5*c**2 - 7*c + 1. Give d(-5).
36
Let b(l) = l**3 - 4*l**2 + 2*l + 5. Determine b(4).
13
Let d(m) = 2*m + 43. Calculate d(-16).
11
Let h(d) = -7*d**3 - d. What is h(1)?
-8
Let z(j) = j**2 + 65*j + 2. Give z(0).
2
Let p(u) = -u**3 - 5*u**2 + 3*u + 7. Give p(-5).
-8
Let x(b) = b**2 - 2*b + 2. Determine x(4).
10
Let j(h) = h**2 - 14*h + 40. Calculate j(11).
7
Let j(v) = -v**3 + 5*v**2 - 6*v + 34. Calculate j(5).
4
Let v(u) = u**3 - 35*u**2 - 74*u - 4. Calculate v(37).
-4
Let f(s) = -s**2 + 7*s - 7. What is f(5)?
3
Let u(j) = 8*j**2 + 2*j - 1. Determine u(-3).
65
Let w(b) = -b**3 - 6*b**2 + 4*b - 16. What is w(-7)?
5
Let q(y) = -12*y - 1. Give q(1).
-13
Let i(b) = 14*b + 95. Determine i(-7).
-3
Let r(y) = -y**2 - 3*y + 24. Calculate r(-8).
-16
Let b(z) = -z**3 - 10*z**2 - 20*z - 3. Give b(-7).
-10
Let h(z) = 11*z - 45. Give h(14).
109
Let y(k) = -k + 37. Calculate y(13).
24
Let g(h) = h**2 + h - 10. Give g(0).
-10
Let j(f) = -12*f - 22. Determine j(9).
-130
Let n(j) = -7*j + 3. Determine n(-3).
24
Let l(h) = -h**2 + 6*h + 2. Determine l(5).
7
Let l(a) = a**3 - 3*a**2 + 2*a + 1. Give l(2).
1
Let a(w) = w - 6. Determine a(2).
-4
Let a(t) = -t**2 - 18*t + 40. Determine a(-20).
0
Let n(z) = z**2 - 9*z - 7. Calculate n(9).
-7
Let a(z) = -3*z**3 + 15*z**2 - z - 3. What is a(5)?
-8
Let r(v) = v**2 - 3*v - 3. Calculate r(-4).
25
Let j(r) = -r**3 + 54*r**2 - 151*r - 91. What is j(51)?
11
Let l(q) = q**2 - 4*q - 6. Determine l(6).
6
Let m(n) = n**2 + 4*n + 2. Determine m(-5).
7
Let w(u) = 4*u + 116. What is w(-25)?
16
Let c(x) = 10*x - 10. Determine c(2).
10
Let j(r) = -r**2 - 14*r + 19. Determine j(-14).
19
Let o(k) = 4*k**2 - 1. Give o(3).
35
Let f(d) = d**2 - 4*d. Determine f(5).
5
Let r(k) = -k + 1. Determine r(4).
-3
Let v(h) = h**3 + 19*h**2 - 18*h + 38. Calculate v(-20).
-2
Let i(f) = -2*f**2 - 7*f + 26. Give i(-9).
-73
Let z(b) = -2*b**2 + 5*b - 4. Give z(3).
-7
Let x(v) = 2*v + 17. Determine x(16).
49
Let f(o) = o**2 - 4*o - 74. What is f(0)?
-74
Let q(a) = -2*a**2 - 45*a - 95. Calculate q(-20).
5
Let r(c) = 3*c**2 - 24*c. Determine r(8).
0
Let k(l) = l**2 + 6. Calculate k(4).
22
Let j(m) = -m**2 - 11*m - 11. Calculate j(-10).
-1
Let a(g) = -g**2 + 27*g - 181. Give a(11).
-5
Let j(b) = -b**2 - 23*b + 159. Give j(5).
19
Let t(j) = -10*j - 6. Give t(-5).
44
Let z(p) = 3*p**3 + 20*p**2 + 8. Determine z(-6).
80
Let o(d) = d**3 + 17*d**2 + 71*d + 18. Give o(-10).
8
Let m(f) = f**3 - 21*f**2 + f + 385. What is m(20)?
5
Let z(x) = x**3 + 10*x**2 - 10*x + 7. Calculate z(-11).
-4
Let r(i) = i**2 - i - 6. Calculate r(5).
14
Let l(r) = -r + 6. Determine l(-13).
19
Let u(j) = -j**3 + 9*j**2 - 12*j + 6. What is u(7)?
20
Let t(j) = -5*j**3 + 24*j**2 + 3*j + 1. What is t(5)?
-9
Let d(x) = -7*x - 10. Give d(2).
-24
Let o(t) = 